459.
27
What is the greatest common factor of 20 and 340?
20
What is the highest common divisor of 572 and 6?
2
What is the greatest common divisor of 5402 and 438?
146
What is the greatest common divisor of 56 and 1932?
28
Calculate the highest common factor of 8 and 412.
4
What is the highest common divisor of 55 and 2255?
55
What is the greatest common divisor of 91 and 637?
91
Calculate the greatest common factor of 512 and 24.
8
Calculate the greatest common divisor of 20989 and 139.
139
What is the highest common divisor of 122 and 671?
61
What is the greatest common divisor of 14 and 75418?
14
Calculate the greatest common factor of 44 and 1.
1
What is the greatest common factor of 40 and 13280?
40
What is the greatest common divisor of 40 and 980?
20
What is the greatest common factor of 2425 and 291?
97
Calculate the highest common factor of 116 and 916.
4
What is the highest common divisor of 1334 and 58?
58
What is the highest common divisor of 20 and 80?
20
Calculate the highest common divisor of 6477 and 254.
127
Calculate the greatest common divisor of 8 and 8.
8
Calculate the greatest common divisor of 70 and 735.
35
What is the highest common divisor of 688 and 43?
43
Calculate the highest common factor of 175 and 455.
35
What is the highest common divisor of 68 and 4556?
68
What is the highest common divisor of 35 and 245?
35
Calculate the highest common divisor of 110 and 495.
55
Calculate the greatest common divisor of 3572 and 1692.
188
Calculate the highest common factor of 632 and 8.
8
What is the highest common divisor of 341 and 451?
11
What is the greatest common divisor of 346 and 6055?
173
What is the highest common divisor of 335 and 35?
5
Calculate the highest common factor of 11446 and 194.
194
Calculate the greatest common divisor of 60 and 228.
12
Calculate the greatest common factor of 988 and 26.
26
Calculate the greatest common factor of 2847 and 13.
13
What is the highest common factor of 19960 and 40?
40
Calculate the highest common divisor of 24 and 576.
24
Calculate the greatest common divisor of 429 and 33.
33
What is the greatest common factor of 9 and 11241?
9
What is the highest common factor of 297 and 11?
11
What is the highest common divisor of 1127 and 196?
49
Calculate the greatest common factor of 70 and 130.
10
Calculate the highest common divisor of 16 and 56.
8
What is the greatest common factor of 37 and 481?
37
Calculate the greatest common factor of 20 and 268.
4
What is the greatest common divisor of 2068 and 264?
44
What is the greatest common divisor of 420 and 40?
20
Calculate the highest common divisor of 656 and 3772.
164
Calculate the greatest common factor of 16 and 592.
16
Calculate the greatest common factor of 110 and 1.
1
What is the greatest common divisor of 3312 and 32?
16
What is the greatest common factor of 49 and 6664?
49
What is the greatest common divisor of 63 and 4428?
9
Calculate the greatest common factor of 12 and 201.
3
What is the highest common divisor of 184 and 24?
8
What is the greatest common factor of 12 and 20?
4
What is the greatest common factor of 516 and 6?
6
Calculate the highest common factor of 30 and 1095.
15
Calculate the greatest common factor of 27 and 297.
27
Calculate the highest common factor of 78 and 286.
26
Calculate the greatest common divisor of 138 and 13386.
138
What is the greatest common divisor of 62145 and 45?
45
What is the highest common divisor of 60 and 5790?
30
Calculate the greatest common divisor of 18696 and 114.
114
Calculate the greatest common divisor of 1788 and 15.
3
What is the highest common divisor of 2108 and 310?
62
Calculate the greatest common divisor of 146 and 219.
73
What is the highest common factor of 13 and 91?
13
What is the highest common factor of 322 and 28?
14
What is the greatest common factor of 40 and 360?
40
Calculate the greatest common factor of 80 and 1270.
10
What is the highest common factor of 12 and 513?
3
Calculate the highest common divisor of 4 and 44.
4
Calculate the highest common factor of 6579 and 34.
17
Calculate the highest common factor of 45 and 120.
15
Calculate the greatest common factor of 468 and 72.
36
What is the highest common divisor of 208 and 3536?
208
Calculate the greatest common divisor of 17 and 2.
1
Calculate the greatest common divisor of 75 and 1200.
75
What is the highest common divisor of 16835 and 130?
65
What is the greatest common factor of 247 and 133?
19
Calculate the highest common factor of 504 and 144.
72
Calculate the greatest common divisor of 108 and 540.
108
Calculate the highest common divisor of 165 and 60.
15
Calculate the greatest common factor of 250 and 10.
10
What is the highest common divisor of 8865 and 45?
45
Calculate the greatest common factor of 126 and 342.
18
What is the highest common factor of 171 and 152?
19
Calculate the highest common divisor of 34 and 6.
2
What is the highest common divisor of 195 and 8229?
39
Calculate the highest common divisor of 35 and 65.
5
Calculate the highest common factor of 96 and 2048.
32
What is the highest common factor of 816 and 84?
12
Calculate the greatest common divisor of 203 and 928.
29
What is the highest common factor of 378 and 1674?
54
Calculate the highest common divisor of 10 and 41770.
10
Calculate the greatest common factor of 176 and 462.
22
What is the highest common divisor of 11 and 594?
11
What is the highest common factor of 48 and 400?
16
What is the greatest common factor of 618 and 6?
6
What is the greatest common divisor of 27 and 729?
27
Calculate the greatest common factor of 128 and 3136.
64
Calculate the greatest common divisor of 847 and 2904.
121
What is the greatest common divisor of 13312 and 104?
104
What is the greatest common factor of 291 and 388?
97
Calculate the highest common divisor of 24831 and 558.
279
Calculate the greatest common divisor of 207 and 9.
9
What is the greatest common divisor of 256 and 20?
4
What is the highest common factor of 9238 and 62?
62
What is the greatest common divisor of 136 and 1496?
136
Calculate the greatest common divisor of 30 and 6690.
30
What is the highest common factor of 104 and 85592?
104
Calculate the greatest common factor of 108 and 108.
108
What is the greatest common divisor of 37 and 1073?
37
Calculate the greatest common divisor of 202 and 21614.
202
Calculate the highest common factor of 280 and 4060.
140
Calculate the greatest common divisor of 585 and 1800.
45
What is the highest common divisor of 32 and 264?
8
What is the highest common factor of 7231 and 7?
7
Calculate the greatest common divisor of 12309 and 33.
33
What is the greatest common divisor of 483 and 1869?
21
Calculate the highest common divisor of 21 and 35.
7
Calculate the highest common factor of 411 and 14248.
137
What is the highest common factor of 23 and 575?
23
What is the greatest common divisor of 224 and 175?
7
Calculate the highest common divisor of 18 and 126.
18
Calculate the highest common factor of 1185 and 5.
5
Calculate the greatest common factor of 2535 and 15.
15
What is the greatest common factor of 117 and 624?
39
Calculate the highest common divisor of 50 and 575.
25
Calculate the highest common divisor of 205 and 615.
205
Calculate the greatest common divisor of 119 and 476.
119
What is the greatest common divisor of 15 and 215?
5
What is the highest common divisor of 3320 and 24?
8
What is the highest common divisor of 106 and 13250?
106
What is the greatest common divisor of 52 and 455?
13
What is the greatest common factor of 3333 and 165?
33
Calculate the highest common factor of 286 and 44.
22
What is the highest common factor of 102 and 1071?
51
What is the greatest common divisor of 28 and 4711?
7
Calculate the greatest common divisor of 135 and 120.
15
Calculate the greatest common factor of 552 and 69.
69
What is the highest common divisor of 235 and 15?
5
Calculate the highest common divisor of 6755 and 35.
35
Calculate the highest common divisor of 648 and 152.
8
Calculate the highest common factor of 8683 and 19.
19
What is the greatest common divisor of 10 and 105?
5
Calculate the greatest common factor of 88 and 840.
8
Calculate the highest common factor of 221 and 51.
17
Calculate the highest common fa